Suppose -2*r - 9 = -b - 1, -5*r = 5*b + 50. Let l be ((-4)/r)/(-2 + 64/30). Suppose 2*q + l*x = 3*q - 294, 5*q - 5*x = 1570. Is q a prime number?
False
Let n = -65 + 67. Suppose 9 = 11*a - n. Is -3*a - -40*18 prime?
False
Suppose -4*q - 5*d = -7*q + 258359, -3*q - 2*d + 258373 = 0. Is q composite?
True
Let j(h) = -h**2. Let s(y) = -156*y**2 + 5*y - 4. Let d(a) = -6*j(a) + s(a). Let c be d(3). Is 3 - c - (2 - -3) a composite number?
True
Is (64282*(-1)/8)/(4/(-16)) a prime number?
True
Let o(t) = 2*t. Let m be o(-1). Let y = 5613 + -12253. Is m/(-6) + (2 - y/6) a prime number?
True
Suppose 40 = 4*p + 4*p. Let j be ((-294)/(-10))/3 + 1/p. Suppose 4*f - 424 = -3*a, -5*f - 5*a - 495 = -j*f. Is f a composite number?
False
Suppose -5*m + 2*g + 14 = 0, 6*m + 5*g = m. Is 5319 + m/10*10 prime?
False
Let i(s) = -s**3 + 3*s**2 - 4*s + 8. Let c be i(4). Let k = c + 28. Is 1/(k + (-8073)/2019) a composite number?
False
Suppose -3*m + 270099 = -5*h, -38572 + 398756 = 4*m + 2*h. Is m composite?
True
Let g(d) = 8474*d**2 + 5*d + 4. Let b be g(-2). Suppose -27*v = -17*v - b. Is v a prime number?
True
Let s(c) = 97*c**2 + 17*c - 3. Suppose -6*k = -10*k - 16. Is s(k) a prime number?
True
Suppose 135*s - 1749513 = 1418532. Is s a prime number?
False
Let u(l) = 963*l**3 + 2*l**2 + 82*l - 224. Is u(3) prime?
True
Suppose 0 = 2*s - 2*t - 588858, -3*s - 302167 = -t - 1185458. Is s a composite number?
False
Let a = 352 + -296. Suppose -a*s = -58*s + 3466. Is s a composite number?
False
Let v = 13187 + 8084. Is v prime?
False
Suppose 13*y - 210 = 7*y. Let l = 40 - y. Suppose 0 = 3*o - 15, 2*o - l*o = -5*r + 690. Is r prime?
False
Suppose -4*x = -36*x - x + 1951653. Is x composite?
False
Suppose -2*t = 3*j - 228, -5*t = -3*t - 6. Suppose f = -f + j. Suppose f - 156 = -n. Is n a prime number?
False
Let t(x) = -39*x**2 - 191*x - 326. Let f(q) = 8*q**2 + 38*q + 65. Let y(o) = 11*f(o) + 2*t(o). Is y(29) a composite number?
True
Let b(r) = 26 + 111*r**2 + 5*r**2 + 16*r + 33*r**2 + r**2. Is b(-4) prime?
False
Suppose 18918*t - 18906*t = 2604804. Is t prime?
False
Suppose 98483 = 14*s - 30597. Is s + (-2 - -3 - 4) a composite number?
True
Let r(l) = -9358*l - 3405. Is r(-8) composite?
True
Let x(s) = s**3 - 32*s**2 + 32*s - 28. Let n be x(31). Suppose -3*r - n*h + 10639 = 898, 0 = r - 3*h - 3263. Is r a prime number?
True
Let b(x) = -3*x - 60. Let g be b(-19). Let q be (9/3 - -12 - g)*-4. Is (8/q*-2274)/(2/3) a composite number?
False
Let m(s) = s**2 + 16*s - 88. Let y be m(5). Suppose y*a = 56275 + 6540. Is a a prime number?
False
Let t be ((-1)/(-4))/((-1)/4). Let h be 3*7/21 - 5 - -3. Is 647/t*h/1 a composite number?
False
Suppose -48*o + 54*o - 37602 = 0. Let i = o + 772. Is i composite?
False
Suppose -514110 = -14*b + 9642988. Is b a composite number?
False
Suppose -22*w = -21*w - 10. Suppose 0 = 2*c - 2*q - w, 4 - 3 = -q. Suppose c*m = -4*m + 6920. Is m composite?
True
Suppose 203 = -41*h + 12*h. Let a(j) = -261*j - 62. Is a(h) prime?
False
Let k be -2 - (-2 - -9)*-1. Suppose k*f - 10*f = -20. Suppose -6*v + 643 = f*s - 3*v, 3*s + 2*v - 481 = 0. Is s composite?
False
Let r = -20684 + 182827. Is r composite?
False
Let t(x) = x**2 - 29*x + 12. Suppose -4*s - 76 = -5*k + 80, -132 = -5*k - 2*s. Let q be t(k). Is (16230/(-9))/(q/24) a prime number?
False
Suppose -2*y = -3*n - 37709, -2*y + n - 519 + 38234 = 0. Is y a composite number?
False
Let q = -315 + 334. Suppose 0 = q*s - 29*s + 10430. Is s a composite number?
True
Let p be (18/(-21) - -2)*7. Suppose 10*z = p*z + 65834. Is z a prime number?
True
Let r be (-1)/(-1 + 2)*-1969. Suppose 4*l + 5*s + r = 0, 4*s = -0*s - 20. Let b = l + 905. Is b composite?
False
Suppose 4*m - 340 = 6*m. Let r = m - -247. Is r prime?
False
Suppose -75*l - 37*l = -23025632. Is l composite?
True
Suppose 676125 = 22*p - 219487 - 176470. Is p composite?
False
Let z(t) = 2*t**2 + 49*t - 23. Let s be z(11). Suppose 0 = x + 3*q - s, -4*x + 1515 = -2*x + 5*q. Is x composite?
True
Let r(x) = 201*x - 41. Suppose 8 = -42*l + 43*l. Is r(l) a composite number?
False
Let x = -133 - -136. Suppose -3*a + 2 + x = -j, -j - 5 = 0. Suppose 3*q = 4*c - 6938, 3*c + a*q + 3*q = 5193. Is c composite?
False
Let i(g) = -83*g**2 + g - 2. Let l be i(-2). Let s be (l/(-5))/(18/180). Suppose y + s = 2*z - y, 2*z + 3*y = 647. Is z a prime number?
True
Suppose -64*y = -139*y + 235725. Is y prime?
False
Suppose 2*y - 112351 - 82503 = -4*t, 3*y - 292259 = 5*t. Is y prime?
True
Let w(d) = 11*d**2 + 20*d - 38. Let o be (-2)/3 + (-183)/9. Let a be w(o). Suppose -3*x - 3 = 3, -4*x - a = -5*q. Is q composite?
False
Let c(y) = y**3 - 11*y**2 + 5. Let f be c(11). Suppose 0 = -f*v - 3*x + 26112, 3*v - v - 3*x - 10449 = 0. Is v a composite number?
True
Let q(f) = f**3 - 21*f**2 + 21*f - 18. Let l be q(20). Suppose 4*p + 4*a - 54212 = 0, 27106 = l*p + 2*a + 2*a. Is p prime?
True
Suppose 0 = -136*h + 144*h - 3532888. Is h prime?
False
Let x = 3219 + 100044. Is x a prime number?
False
Suppose 3*o = -5*g - 31, 16 = 2*o - 3*g - g. Let z be (-39)/2*614/6*o. Suppose -5*m + 3*p = -z, 0*m - 2*m - 4*p = -1586. Is m composite?
False
Suppose -64*m - 2*r = -67*m + 1682783, 0 = 4*m + r - 2243718. Is m composite?
False
Suppose 4654*p = 4653*p + 28787. Is p prime?
False
Let j(h) = -11*h**2 + 32*h + 27. Let v(u) = u**3 + 3*u**2 - 1. Let n(y) = -j(y) + v(y). Is n(-13) a prime number?
True
Suppose 139*c = 165*c - 604526. Is c a composite number?
False
Let d = 1808719 + -1283184. Is d a prime number?
False
Suppose -23221 = -s - 74*b + 76*b, 0 = s - b - 23224. Is s prime?
True
Let s = -31168 - -86359. Is s prime?
False
Suppose 349*m - 370*m = -5527977. Is m a prime number?
False
Let a(l) = -190*l - 82*l + 30 - 32*l + 13. Is a(-4) composite?
False
Let q = 37 - 32. Suppose -6*h - 13895 = -q*x - 4*h, 4*x - 5*h - 11133 = 0. Is x a composite number?
False
Let w be 250/150 - 44/(-6). Let t(j) = 13*j**3 + 9*j**2 - 27*j + 44. Is t(w) a prime number?
True
Let k = 213315 - 138154. Is k prime?
True
Suppose -7 = u - 10. Suppose -u*v + 3499 = -11561. Suppose -5*n = -3*k - 2*k + v, -5*n = -k + 984. Is k prime?
True
Let v = 73 + -73. Is (v + 10)/((-20)/(-50)) prime?
False
Let x(w) = 4549*w + 77. Let g be x(22). Suppose 4*a + 2*p - 80100 = 0, 5*a - 3*p = 2*p + g. Is a prime?
False
Let k(c) = -c**3 - 6*c**2 - 2*c - 9. Let h be k(-6). Let r be (-3 - (-6 - -5))*(-3 + -7232). Suppose -h*l = 2*l - r. Is l a composite number?
True
Suppose -14*b - 15*b = -11*b - 2467926. Is b a composite number?
True
Let v = 965 + -1802. Let t = 1626 + v. Is t*1 - 6*(-3)/(-9) prime?
True
Let d = 172235 - 64126. Is d a composite number?
False
Suppose -7*x = -6*x - 4, 3*o + 2*x - 722837 = 0. Is o a composite number?
False
Let c = -105 + 110. Suppose -c*k + 2100 = 23825. Let t = -2946 - k. Is t a composite number?
False
Let g(t) = -13*t**3 - 3*t**2 + 5*t. Suppose 4*m = -4*i - 24, 2*i - 5*i + 10 = -4*m. Let d be g(m). Suppose 1281 = 5*r - d. Is r composite?
False
Let j(c) = 1733*c**2 + 3*c - 135. Let o be j(-17). Suppose -o = -32*d - 162763. Is d prime?
True
Suppose 0 = -3*s + p - 3, -2*p + 25 = -5*s - 7*p. Is (-446)/(-2*s/2 - 4) composite?
False
Let w(k) = -302*k + 5. Let y(t) = -453*t + 7. Suppose 5*o + 37 - 6 = 3*z, 3*z - 4*o = 29. Let g(r) = z*w(r) - 5*y(r). Is g(2) prime?
False
Let h(b) = -b**3 - 46*b**2 + 45*b + 547. Is h(-55) a prime number?
False
Let r be (-6)/10 + (-2)/((-50)/9065). Suppose 4*q = 2*k - r, k = -15*q + 14*q + 196. Is k a composite number?
False
Let l = 3570 - 1408. Let i = 3223 - l. Is i prime?
True
Let a = 830079 - 348314. Is a composite?
True
Let i(h) = -5170*h - 4977. Is i(-100) a prime number?
False
Let d(h) = h**2 + 8*h + 15. Let x be d(-5). Let o(y) = y**2 - 10*y + 869. Is o(x) a composite number?
True
Suppose 4*i + 5 = 21. Suppose 0 = -i*g + 3*g. Suppose g = 5*b - 6*b + 163. Is b a composite number?
False
Suppose -27*r + 48404 = -27547. Is r prime?
False
Suppose 335*m + 854154 = 353*m. Is m a composite number?
True
Let q be (-35187 - 0)*(-5)/15 + 4. Let a = q + -7972. Is a prime?
True
Suppose -12 = 4*b - 0*b, -5*v = 3*b + 114. Is (-4)/(-6) + (-342979)/v prime?
True
Suppose 0 = 63*h - 15644164 - 34862160 + 11439331. Is h a composite number?
False
Suppose 43*w + 5670442 + 869858 = 0. Is 20/70 + (w/21)/(-4) a prime n